e factors of 1052?
2, 263
What are the prime factors of 43660?
2, 5, 37, 59
What are the prime factors of 6213?
3, 19, 109
List the prime factors of 570.
2, 3, 5, 19
What are the prime factors of 316?
2, 79
List the prime factors of 13644.
2, 3, 379
List the prime factors of 3419.
13, 263
List the prime factors of 1200.
2, 3, 5
What are the prime factors of 3709?
3709
List the prime factors of 27352.
2, 13, 263
List the prime factors of 2525.
5, 101
List the prime factors of 21927.
3, 7309
What are the prime factors of 5582?
2, 2791
List the prime factors of 3240.
2, 3, 5
What are the prime factors of 906?
2, 3, 151
What are the prime factors of 845?
5, 13
What are the prime factors of 722?
2, 19
What are the prime factors of 110520?
2, 3, 5, 307
List the prime factors of 11586.
2, 3, 1931
List the prime factors of 3330.
2, 3, 5, 37
What are the prime factors of 2358?
2, 3, 131
List the prime factors of 27928.
2, 3491
List the prime factors of 1921.
17, 113
What are the prime factors of 26912?
2, 29
List the prime factors of 1856.
2, 29
List the prime factors of 876.
2, 3, 73
What are the prime factors of 32976?
2, 3, 229
What are the prime factors of 2266?
2, 11, 103
What are the prime factors of 487?
487
What are the prime factors of 40627?
40627
What are the prime factors of 6063?
3, 43, 47
List the prime factors of 5401.
11, 491
What are the prime factors of 17795?
5, 3559
List the prime factors of 27684.
2, 3, 769
List the prime factors of 57502.
2, 28751
List the prime factors of 4425.
3, 5, 59
What are the prime factors of 33063?
3, 103, 107
What are the prime factors of 15273?
3, 1697
List the prime factors of 471.
3, 157
List the prime factors of 60402.
2, 3, 10067
List the prime factors of 1338.
2, 3, 223
List the prime factors of 2147.
19, 113
What are the prime factors of 9755?
5, 1951
List the prime factors of 31238.
2, 15619
List the prime factors of 59965.
5, 67, 179
What are the prime factors of 3147?
3, 1049
What are the prime factors of 78271?
29, 2699
List the prime factors of 1189.
29, 41
List the prime factors of 5742.
2, 3, 11, 29
List the prime factors of 2538.
2, 3, 47
List the prime factors of 65218.
2, 32609
List the prime factors of 11839.
11839
List the prime factors of 65139.
3, 21713
List the prime factors of 2327.
13, 179
List the prime factors of 22491.
3, 7, 17
What are the prime factors of 1037?
17, 61
What are the prime factors of 17740?
2, 5, 887
What are the prime factors of 14178?
2, 3, 17, 139
List the prime factors of 68874.
2, 3, 13, 883
What are the prime factors of 5401?
11, 491
List the prime factors of 6325.
5, 11, 23
List the prime factors of 3946.
2, 1973
List the prime factors of 6.
2, 3
What are the prime factors of 2161?
2161
List the prime factors of 23421.
3, 37, 211
List the prime factors of 584.
2, 73
List the prime factors of 10225.
5, 409
List the prime factors of 2995.
5, 599
What are the prime factors of 8647?
8647
List the prime factors of 2316.
2, 3, 193
List the prime factors of 27753.
3, 11, 29
What are the prime factors of 90908?
2, 22727
What are the prime factors of 16950?
2, 3, 5, 113
List the prime factors of 53704.
2, 7, 137
What are the prime factors of 3536?
2, 13, 17
List the prime factors of 31824.
2, 3, 13, 17
List the prime factors of 648.
2, 3
What are the prime factors of 1396?
2, 349
List the prime factors of 81.
3
What are the prime factors of 705?
3, 5, 47
What are the prime factors of 1234?
2, 617
What are the prime factors of 1724?
2, 431
What are the prime factors of 17790?
2, 3, 5, 593
What are the prime factors of 73?
73
What are the prime factors of 2162?
2, 23, 47
List the prime factors of 1359.
3, 151
List the prime factors of 1127.
7, 23
List the prime factors of 5587.
37, 151
List the prime factors of 12137.
53, 229
List the prime factors of 13003.
13003
List the prime factors of 13262.
2, 19, 349
What are the prime factors of 2154?
2, 3, 359
List the prime factors of 179463.
3, 163, 367
List the prime factors of 34104.
2, 3, 7, 29
What are the prime factors of 14456?
2, 13, 139
List the prime factors of 2587.
13, 199
What are the prime factors of 52576?
2, 31, 53
What are the prime factors of 89989?
89989
List the prime factors of 3553.
11, 17, 19
List the prime factors of 2214.
2, 3, 41
List the prime factors of 34399.
41, 839
List the prime factors of 15761.
15761
What are the prime factors of 845?
5, 13
List the prime factors of 3865.
5, 773
List the prime factors of 63364.
2, 7, 31, 73
List the prime factors of 195.
3, 5, 13
List the prime factors of 12973.
12973
What are the prime factors of 92970?
2, 3, 5, 1033
List the prime factors of 4114.
2, 11, 17
What are the prime factors of 1612?
2, 13, 31
List the prime factors of 880.
2, 5, 11
What are the prime factors of 12207?
3, 13, 313
List the prime factors of 5081.
5081
What are the prime factors of 855?
3, 5, 19
List the prime factors of 1482.
2, 3, 13, 19
List the prime factors of 251.
251
List the prime factors of 151684.
2, 13, 2917
List the prime factors of 7268.
2, 23, 79
What are the prime factors of 633?
3, 211
List the prime factors of 2668.
2, 23, 29
List the prime factors of 11204.
2, 2801
What are the prime factors of 86503?
23, 3761
What are the prime factors of 10088?
2, 13, 97
List the prime factors of 54.
2, 3
List the prime factors of 4792.
2, 599
List the prime factors of 2237.
2237
What are the prime factors of 314?
2, 157
What are the prime factors of 12536?
2, 1567
List the prime factors of 159.
3, 53
What are the prime factors of 92080?
2, 5, 1151
What are the prime factors of 1039?
1039
What are the prime factors of 11560?
2, 5, 17
What are the prime factors of 29244?
2, 3, 2437
What are the prime factors of 283?
283
What are the prime factors of 1744?
2, 109
List the prime factors of 10738.
2, 7, 13, 59
List the prime factors of 6069.
3, 7, 17
What are the prime factors of 5013?
3, 557
List the prime factors of 185.
5, 37
List the prime factors of 7437.
3, 37, 67
List the prime factors of 49543.
13, 37, 103
List the prime factors of 15061.
15061
What are the prime factors of 1936?
2, 11
What are the prime factors of 9318?
2, 3, 1553
What are the prime factors of 11322?
2, 3, 17, 37
What are the prime factors of 1071?
3, 7, 17
What are the prime factors of 31248?
2, 3, 7, 31
What are the prime factors of 411?
3, 137
What are the prime factors of 167953?
167953
List the prime factors of 4881.
3, 1627
List the prime factors of 58366.
2, 7, 11, 379
List the prime factors of 15234.
2, 3, 2539
What are the prime factors of 676?
2, 13
List the prime factors of 888.
2, 3, 37
What are the prime factors of 7364?
2, 7, 263
List the prime factors of 17511.
3, 13, 449
List the prime factors of 1841.
7, 263
What are the prime factors of 46340?
2, 5, 7, 331
What are the prime factors of 4740?
2, 3, 5, 79
List the prime factors of 1652.
2, 7, 59
List the prime factors of 13237.
7, 31, 61
What are the prime factors of 1261?
13, 97
What are the prime factors of 1042?
2, 521
What are the prime factors of 17516?
2, 29, 151
What are the prime factors of 3415?
5, 683
List the prime factors of 7306.
2, 13, 281
What are the prime factors of 2230?
2, 5, 223
List the prime factors of 1490.
2, 5, 149
List the prime factors of 3089.
3089
List the prime factors of 25717.
25717
What are the prime factors of 341?
11, 31
What are the prime factors of 628?
2, 157
List the prime factors of 1297.
1297
List the prime factors of 16324.
2, 7, 11, 53
List the prime factors of 8959.
17, 31
What are the prime factors of 27173?
29, 937
List the prime factors of 108546.
2, 3, 79, 229
What are the prime factors of 8895?
3, 5, 593
What are the prime factors of 35395?
5, 7079
List the prime factors of 3797.
3797
What are the prime factors of 1027?
13, 79
List the prime factors of 5560.
2, 5, 139
What are the prime factors of 10012?
2, 2503
What are the prime factors of 12422?
2, 6211
List the prime factors of 19004.
2, 4751
List the prime factors of 6458.
2, 3229
List the prime factors of 23118.
2, 3, 3853
List the prime factors of 294.
2, 3, 7
List the prime factors of 1535.
5, 307
What are the prime factors of 12772?
2, 31, 103
List the prime factors of 1140.
2, 3, 5, 19
What are the prime factors of 2746?
2, 1373